{"id":25,"date":"2018-02-01T01:56:53","date_gmt":"2018-02-01T01:56:53","guid":{"rendered":"http:\/\/stereobuenafe.com\/?page_id=25"},"modified":"2024-03-22T23:48:34","modified_gmt":"2024-03-22T23:48:34","slug":"codigo-deontologico","status":"publish","type":"page","link":"https:\/\/stereobuenafe.com\/?page_id=25","title":{"rendered":"C\u00f3digo De \u00c9tica"},"content":{"rendered":"<p style=\"text-align: left;\"><strong>CODIGO DE ETICA RADIO STEREO BUENA FE 97.5 FM<\/strong><\/p>\n<\/p>\n\n\n<p>La estaci\u00f3n de radiodifusi\u00f3n sonora denominada STEREO BUENA FE que opera en la frecuencia 97.5 MHz, matriz en la ciudad de Buena Fe, provincia de Los R\u00edos, concesionada a favor del ciudadano \u00c1ngel Gerem\u00edas Ganchozo Valencia con C\u00e9dula de identidad No. 170470981-3, en aplicaci\u00f3n del Reglamento General a la Ley Org\u00e1nica de Comunicaci\u00f3n, publicado en el Registro Oficial Suplemento 383 de 28 de agosto de 2023, promulga su C\u00f3digo de \u00c9tica, conforme a las siguientes normas y principios:<\/p>\n\n\n\n<p><strong>\u00c1MBITO<\/strong><\/p>\n\n\n\n<p><strong>Art. 1.- \u00c1mbito. &#8211; <\/strong>El presente C\u00f3digo de \u00c9tica contiene normas m\u00ednimas y fundamentos generales, de acuerdo a las caracter\u00edsticas propias de esta estaci\u00f3n y que regulan la difusi\u00f3n de informaci\u00f3n y opiniones, as\u00ed como el comportamiento de los informadores, dentro del proceso comunicacional.<\/p>\n\n\n\n<p><strong>OBJETIVO<\/strong><\/p>\n\n\n\n<p><strong>Art. 2.- Objetivo. &#8211; <\/strong>Este medio de comunicaci\u00f3n social, expide el presente C\u00f3digo de \u00c9tica con el fin de mejorar sus pr\u00e1cticas de gesti\u00f3n interna y su trabajo comunicacional.<\/p>\n\n\n\n<p><strong>PRINCIPIOS BASICOS<\/strong><\/p>\n\n\n\n<p><strong>Art. 3<\/strong>.- Todas las personas, en forma individual o colectiva, tienen derecho a:<\/p>\n\n\n\n<ol style=\"list-style-type:lower-alpha\">\n<li>Recibir e intercambiar informaci\u00f3n veraz, verificada, oportuna, contextualizada, plural, sin censura previa acerca de los hechos, acontecimientos y procesos de inter\u00e9s general, y con responsabilidad ulterior.<\/li>\n\n\n\n<li>Una comunicaci\u00f3n libre, intercultural, incluyente, diversa, participativa y en todos los \u00e1mbitos de la interacci\u00f3n social.<\/li>\n<\/ol>\n\n\n\n<p><strong>Art. 4<\/strong>.- Este medio de comunicaci\u00f3n, a trav\u00e9s de su actividad comunicacional propender\u00e1 al respeto del derecho de la poblaci\u00f3n a vivir en un ambiente sano y ecol\u00f3gicamente equilibrado, que garantice la sostenibilidad y el buen vivir, a trav\u00e9s de la comunicaci\u00f3n e informaci\u00f3n de noticias de coyuntura en lo deportivo y en la realidad nacional, conforme a los par\u00e1metros determinados en las normas jur\u00eddicas y principios morales.<\/p>\n\n\n\n<p><strong>Art. 5.-<\/strong> STEREO BUENA FE debe respetar los derechos fundamentales de todas las personas, especialmente el derecho a expresarse libremente y a recibir informaci\u00f3n veraz y verificada, conforme a las siguientes reglas m\u00ednimas:<\/p>\n\n\n\n<ol style=\"list-style-type:lower-alpha\">\n<li>Transmitir Informaci\u00f3n precisa y veraz, con criterios claros de investigaci\u00f3n, verificaci\u00f3n y presentaci\u00f3n de los hechos.<\/li>\n\n\n\n<li>La l\u00ednea editorial del medio de comunicaci\u00f3n debe definirse acorde con los valores y principios que regulan la actividad comunicacional.<\/li>\n\n\n\n<li>Mantener reserva y confidencialidad de las fuentes, en caso de ser necesario.<\/li>\n\n\n\n<li>Fomentar la responsabilidad social, de valores democr\u00e1ticos y de derechos humanos.<\/li>\n\n\n\n<li>Respetar y garantizar el derecho de r\u00e9plica y rectificaci\u00f3n de informaci\u00f3n inexacta o perjudicial para la reputaci\u00f3n del reclamante.<\/li>\n\n\n\n<li>Realizar pr\u00e1cticas comunicacionales para garantizar la protecci\u00f3n de ni\u00f1os, ni\u00f1a y adolescente, as\u00ed como grupo vulnerables, erradicando cualquier forma de discriminaci\u00f3n.<\/li>\n<\/ol>\n\n\n\n<p><strong>Art. 6.-<\/strong> Las noticias deben difundirse respetando el principio de veracidad, despu\u00e9s de haber sido hechas las verificaciones de rigor, y deben exponerse, describirse y presentarse con imparcialidad.<\/p>\n\n\n\n<p><strong>Art. 7<\/strong>.- La expresi\u00f3n de opiniones puede consistir en reflexiones o comentarios sobre ideas generales, o referirse a comentarios sobre noticias relacionadas con acontecimientos concretos.<\/p>\n\n\n\n<p><strong>Art. 8<\/strong>.- Los comentarios sobre acontecimientos o acciones referidas a personas o instituciones no deben intentar negar u ocultar la realidad de los hechos o de los datos.<\/p>\n\n\n\n<p><strong>Art. 9<\/strong>.- Se propender\u00e1 a la prevalencia de contenidos con fines informativos, educativos y culturales en la programaci\u00f3n y se fomentar\u00e1 la creaci\u00f3n de espacios para la difusi\u00f3n de la producci\u00f3n nacional.<\/p>\n\n\n\n<p><strong>NORMAS DE \u00c9TICA<\/strong><\/p>\n\n\n\n<p><strong>Art. 10.- <\/strong>Considerar los siguientes principios m\u00ednimos sobre la dignidad humana:<\/p>\n\n\n\n<ol style=\"list-style-type:lower-alpha\">\n<li>Respetar la honra y la reputaci\u00f3n de las personas.<\/li>\n\n\n\n<li>Abstenerse de realizar y difundir contenidos y comentarios discriminatorios.<\/li>\n\n\n\n<li>Respetar la intimidad personal y familiar.<\/li>\n<\/ol>\n\n\n\n<p><strong>Art. 11.-<\/strong> Aplicar las siguientes normas m\u00ednimas relacionadas con los grupos de atenci\u00f3n prioritaria:<\/p>\n\n\n\n<ol style=\"list-style-type:lower-alpha\">\n<li>Se proh\u00edbe incitar a que los ni\u00f1os, ni\u00f1as y adolescentes imiten comportamientos perjudiciales o peligrosos para su salud.<\/li>\n\n\n\n<li>Inhibirse de usar y difundir im\u00e1genes o menciones identificativas que atenten contra la dignidad o los derechos de las personas con graves patolog\u00edas o discapacidades.<\/li>\n\n\n\n<li>Evitar la representaci\u00f3n positiva o avalorativa de escenas donde se haga burla de discapacidades f\u00edsicas o ps\u00edquicas de las personas.<\/li>\n\n\n\n<li>Abstenerse de emitir im\u00e1genes o menciones identificativas de ni\u00f1os, ni\u00f1as y adolescentes como autores, testigos o v\u00edctimas de actos il\u00edcitos; salvo el caso que, en aplicaci\u00f3n del inter\u00e9s superior del ni\u00f1o, sea dispuesto por autoridad competente.<\/li>\n\n\n\n<li>Proteger el derecho a la imagen y privacidad de adolescentes en conflicto con la ley penal, en concordancia con las disposiciones del C\u00f3digo de la Ni\u00f1ez y Adolescencia.<\/li>\n\n\n\n<li>Abstenerse de emitir contenidos que atenten contra la dignidad de los adultos mayores, o proyecten una visi\u00f3n negativa del envejecimiento.<\/li>\n<\/ol>\n\n\n\n<p><strong>Art. 12.-<\/strong> Este medio de comunicaci\u00f3n aplicar\u00e1 durante toda su programaci\u00f3n las siguientes normas m\u00ednimas concernientes al ejercicio profesional:<\/p>\n\n\n\n<ol style=\"list-style-type:lower-alpha\">\n<li>Respetar los presupuestos constitucionales de verificaci\u00f3n, oportunidad, contextualizaci\u00f3n y contrastaci\u00f3n en la difusi\u00f3n de informaci\u00f3n de relevancia p\u00fablica o inter\u00e9s general.<\/li>\n\n\n\n<li>Enfrentar, cuando existan, las versiones sobre un hecho.<\/li>\n\n\n\n<li>Impedir la censura en cualquiera de sus formas, independientemente de quien pretenda realizarla.<\/li>\n\n\n\n<li>No aceptar presiones externas en el cumplimiento de la labor period\u00edstica.<\/li>\n\n\n\n<li>Contrastar los datos con cuantas fuentes period\u00edsticas sean precisas.<\/li>\n\n\n\n<li>Ejercer y respetar los derechos a la reserva de fuente y el secreto profesional.<\/li>\n\n\n\n<li>Diferenciar con claridad entre informaci\u00f3n y opini\u00f3n.<\/li>\n\n\n\n<li>Abstenerse de usar la condici\u00f3n de periodista o comunicador social para obtener beneficios personales.<\/li>\n\n\n\n<li>Est\u00e1 prohibido utilizar en provecho propio informaci\u00f3n privilegiada, obtenida en forma confidencial en el ejercicio de su funci\u00f3n informativa.<\/li>\n\n\n\n<li>Respetar los derechos de autor y las normas de citas, y en general los derechos y principios en el \u00e1mbito de propiedad intelectual e industrial.<\/li>\n\n\n\n<li>Respetar y cumplir los requerimientos de aplicaci\u00f3n de los derechos de rectificaci\u00f3n y r\u00e9plica.<\/li>\n\n\n\n<li>Abstenerse de omitir y tergiversar intencionalmente elementos de la informaci\u00f3n u opiniones difundidas.<\/li>\n\n\n\n<li>Perseguir la objetividad, aunque se sepa inaccesible.<\/li>\n\n\n\n<li>Abstenerse de obtener informaci\u00f3n o im\u00e1genes con m\u00e9todos il\u00edcitos.<\/li>\n\n\n\n<li>Evitar un tratamiento morboso a la informaci\u00f3n sobre cr\u00edmenes, accidentes, cat\u00e1strofes u otros eventos similares.<\/li>\n\n\n\n<li>Defender y ejercer el derecho a la cl\u00e1usula de conciencia.<\/li>\n<\/ol>\n\n\n\n<p><strong>Art. 13.-<\/strong> Tener presente las siguientes reglas b\u00e1sicas relacionadas con las pr\u00e1cticas de los medios de comunicaci\u00f3n social:<\/p>\n\n\n\n<ol style=\"list-style-type:lower-alpha\">\n<li>Rectificar, a la brevedad posible, las informaciones que se hayan demostrado como falsas o err\u00f3neas.<\/li>\n\n\n\n<li>Respeto al principio fundamental de presunci\u00f3n de inocencia de todas las personas.<\/li>\n\n\n\n<li>Distinguir de forma inequ\u00edvoca entre noticias y opiniones.<\/li>\n\n\n\n<li>Distinguir claramente entre el material informativo, el material editorial y el material comercial o publicitario.<\/li>\n\n\n\n<li>Evitar difundir, de forma positiva o avalorativa, las conductas irresponsables con el medio ambiente.<\/li>\n\n\n\n<li>Respetar la libertad de expresi\u00f3n, de comentario y de cr\u00edtica.<\/li>\n\n\n\n<li>Cuidar que los titulares sean coherentes y consistentes con el contenido de las noticias.<\/li>\n\n\n\n<li>Abstenerse de realizar pr\u00e1cticas de linchamiento medi\u00e1tico, entendiendo por tales, la difusi\u00f3n de informaci\u00f3n concertada y reiterativa, de manera directa o por terceros, a trav\u00e9s de los medios de comunicaci\u00f3n destinada a desprestigiar a una persona natural o jur\u00eddica o reducir su credibilidad p\u00fablica.<\/li>\n\n\n\n<li>Abstenerse de difundir publirreportajes como si fuese material informativo.<\/li>\n\n\n\n<li>Asumir la responsabilidad de la informaci\u00f3n y opiniones que se difundan.<\/li>\n<\/ol>\n\n\n\n<p><strong>Art. 14.-<\/strong> El incumplimiento de las normas contenidas en presente C\u00f3digo de \u00c9tica podr\u00e1 ser denunciado por cualquier ciudadano u organizaci\u00f3n ante el Consejo de Desarrollo y Promoci\u00f3n de la Informaci\u00f3n y Comunicaci\u00f3n, conforme a la normativa vigente.<\/p>\n\n\n\n<p><strong>ACCESO DE PERSONAS CON DISCAPACIDAD<\/strong><\/p>\n\n\n\n<p><strong>Art. 15.- <\/strong>STEREO BUENA FE informar\u00e1 trimestralmente o cuando lo requiera el Consejo de Desarrollo y Promoci\u00f3n de la Informaci\u00f3n y Comunicaci\u00f3n sobre la implementaci\u00f3n de los mecanismos determinado en la Ley Org\u00e1nica de Comunicaci\u00f3n que garantice el acceso y ejercicio de los derechos de comunicaci\u00f3n de las personas con discapacidad<\/p>\n\n\n\n<p><strong>DISPOSICI\u00d3N FINAL<\/strong><\/p>\n\n\n\n<p>De acuerdo al Reglamento General a la Ley Reformatoria a la Ley Org\u00e1nica de Comunicaci\u00f3n, el presente C\u00f3digo de \u00c9tica se publicar\u00e1 en el portal web https:\/\/stereobuenafe.com\/, con un enlace de acceso permanente; as\u00ed como tambi\u00e9n se habilitar\u00e1 un <a href=\"https:\/\/stereobuenafe.com\/?page_id=23\">buz\u00f3n ciudadano<\/a> para que la ciudadan\u00eda exprese sus observaciones. quejas y recomendaciones.<\/p>\n\n\n\n<p>El presente C\u00f3digo de \u00c9tica entrar\u00e1 en vigencia a partir de su expedici\u00f3n sin perjuicio de su publicaci\u00f3n el portal web de este medio de comunicaci\u00f3n o en un instrumento a disposici\u00f3n del p\u00fablico.<\/p>\n\n\n\n<p>Dado en la ciudad de Buena Fe, a los 22 d\u00edas del mes de marzo del 2024.<\/p>\n","protected":false},"excerpt":{"rendered":"<p>CODIGO DE ETICA RADIO STEREO BUENA FE 97.5 FM La estaci\u00f3n de radiodifusi\u00f3n sonora denominada STEREO BUENA FE que opera en la frecuencia 97.5 MHz, matriz en la ciudad de Buena Fe, provincia de Los R\u00edos, concesionada a favor del ciudadano \u00c1ngel Gerem\u00edas Ganchozo Valencia con C\u00e9dula de identidad No. 170470981-3, en aplicaci\u00f3n del Reglamento [&hellip;]<\/p>\n","protected":false},"author":1,"featured_media":0,"parent":0,"menu_order":0,"comment_status":"closed","ping_status":"closed","template":"","meta":{"footnotes":""},"_links":{"self":[{"href":"https:\/\/stereobuenafe.com\/index.php?rest_route=\/wp\/v2\/pages\/25"}],"collection":[{"href":"https:\/\/stereobuenafe.com\/index.php?rest_route=\/wp\/v2\/pages"}],"about":[{"href":"https:\/\/stereobuenafe.com\/index.php?rest_route=\/wp\/v2\/types\/page"}],"author":[{"embeddable":true,"href":"https:\/\/stereobuenafe.com\/index.php?rest_route=\/wp\/v2\/users\/1"}],"replies":[{"embeddable":true,"href":"https:\/\/stereobuenafe.com\/index.php?rest_route=%2Fwp%2Fv2%2Fcomments&post=25"}],"version-history":[{"count":8,"href":"https:\/\/stereobuenafe.com\/index.php?rest_route=\/wp\/v2\/pages\/25\/revisions"}],"predecessor-version":[{"id":147,"href":"https:\/\/stereobuenafe.com\/index.php?rest_route=\/wp\/v2\/pages\/25\/revisions\/147"}],"wp:attachment":[{"href":"https:\/\/stereobuenafe.com\/index.php?rest_route=%2Fwp%2Fv2%2Fmedia&parent=25"}],"curies":[{"name":"wp","href":"https:\/\/api.w.org\/{rel}","templated":true}]}}