{"id":23,"date":"2018-02-01T01:53:26","date_gmt":"2018-02-01T01:53:26","guid":{"rendered":"http:\/\/stereobuenafe.com\/?page_id=23"},"modified":"2024-03-22T16:43:38","modified_gmt":"2024-03-22T16:43:38","slug":"contacto","status":"publish","type":"page","link":"https:\/\/stereobuenafe.com\/?page_id=23","title":{"rendered":"Contacto"},"content":{"rendered":"<p><span class=\"_c24 _2iem\">Soy.. divertida, comunicativa, la m\u00fasica es mi vida y el deporte mi pasi\u00f3n .. Tengo una familia hermosa.. Muchos Amigos que siempre pese a la distancia estamos conectados&#8230; y Todos son como YO.. Geniales&#8230; As\u00ed soy yo.. si quieres saber m\u00e1s de m\u00ed.. Que esperas acompa\u00f1ame&#8230; 97.5 FM .. La Radio Genialll&#8230;<\/span><\/p>\n<p style=\"text-align: center;\"><strong>Direcci\u00f3n: Av. 7 de Agosto entre Germ\u00e1n Anchundia y Julio Noro\u00f1a<\/strong><br \/><strong>Contactos: 052951014 &#8211; 0994863226 &#8211; 0968187818<\/strong><\/p>\n<p>\u00a0<\/p>\n\n\n<h2 class=\"wp-block-heading\">Buz\u00f3n Ciudadano<\/h2>\n\n\n\n<div class=\"wp-block-contact-form-7-contact-form-selector\">\n<div class=\"wpcf7 no-js\" id=\"wpcf7-f90-o1\" lang=\"es-ES\" dir=\"ltr\">\n<div class=\"screen-reader-response\"><p role=\"status\" aria-live=\"polite\" aria-atomic=\"true\"><\/p> <ul><\/ul><\/div>\n<form action=\"\/index.php?rest_route=%2Fwp%2Fv2%2Fpages%2F23#wpcf7-f90-o1\" method=\"post\" class=\"wpcf7-form init\" aria-label=\"Formulario de contacto\" novalidate=\"novalidate\" data-status=\"init\">\n<div style=\"display: none;\">\n<input type=\"hidden\" name=\"_wpcf7\" value=\"90\" \/>\n<input type=\"hidden\" name=\"_wpcf7_version\" value=\"5.9.3\" \/>\n<input type=\"hidden\" name=\"_wpcf7_locale\" value=\"es_ES\" \/>\n<input type=\"hidden\" name=\"_wpcf7_unit_tag\" value=\"wpcf7-f90-o1\" \/>\n<input type=\"hidden\" name=\"_wpcf7_container_post\" value=\"0\" \/>\n<input type=\"hidden\" name=\"_wpcf7_posted_data_hash\" value=\"\" \/>\n<\/div>\n<p><label> Tu nombre<br \/>\n<span class=\"wpcf7-form-control-wrap\" data-name=\"your-name\"><input size=\"40\" class=\"wpcf7-form-control wpcf7-text wpcf7-validates-as-required\" autocomplete=\"name\" aria-required=\"true\" aria-invalid=\"false\" value=\"\" type=\"text\" name=\"your-name\" \/><\/span> <\/label>\n<\/p>\n<p><label> Tu correo electr\u00f3nico<br \/>\n<span class=\"wpcf7-form-control-wrap\" data-name=\"your-email\"><input size=\"40\" class=\"wpcf7-form-control wpcf7-email wpcf7-validates-as-required wpcf7-text wpcf7-validates-as-email\" autocomplete=\"email\" aria-required=\"true\" aria-invalid=\"false\" value=\"\" type=\"email\" name=\"your-email\" \/><\/span> <\/label>\n<\/p>\n<p><label> Asunto<br \/>\n<span class=\"wpcf7-form-control-wrap\" data-name=\"your-subject\"><input size=\"40\" class=\"wpcf7-form-control wpcf7-text wpcf7-validates-as-required\" aria-required=\"true\" aria-invalid=\"false\" value=\"\" type=\"text\" name=\"your-subject\" \/><\/span> <\/label>\n<\/p>\n<p><label> Tu mensaje (opcional)<br \/>\n<span class=\"wpcf7-form-control-wrap\" data-name=\"your-message\"><textarea cols=\"40\" rows=\"10\" class=\"wpcf7-form-control wpcf7-textarea\" aria-invalid=\"false\" name=\"your-message\"><\/textarea><\/span> <\/label>\n<\/p>\n<p><input class=\"wpcf7-form-control wpcf7-submit has-spinner\" type=\"submit\" value=\"Enviar\" \/>\n<\/p><div class=\"wpcf7-response-output\" aria-hidden=\"true\"><\/div>\n<\/form>\n<\/div>\n<\/div>\n","protected":false},"excerpt":{"rendered":"<p>Soy.. divertida, comunicativa, la m\u00fasica es mi vida y el deporte mi pasi\u00f3n .. Tengo una familia hermosa.. Muchos Amigos que siempre pese a la distancia estamos conectados&#8230; y Todos son como YO.. Geniales&#8230; As\u00ed soy yo.. si quieres saber m\u00e1s de m\u00ed.. Que esperas acompa\u00f1ame&#8230; 97.5 FM .. La Radio Genialll&#8230; Direcci\u00f3n: Av. 7 [&hellip;]<\/p>\n","protected":false},"author":1,"featured_media":0,"parent":0,"menu_order":0,"comment_status":"closed","ping_status":"closed","template":"","meta":{"footnotes":""},"_links":{"self":[{"href":"https:\/\/stereobuenafe.com\/index.php?rest_route=\/wp\/v2\/pages\/23"}],"collection":[{"href":"https:\/\/stereobuenafe.com\/index.php?rest_route=\/wp\/v2\/pages"}],"about":[{"href":"https:\/\/stereobuenafe.com\/index.php?rest_route=\/wp\/v2\/types\/page"}],"author":[{"embeddable":true,"href":"https:\/\/stereobuenafe.com\/index.php?rest_route=\/wp\/v2\/users\/1"}],"replies":[{"embeddable":true,"href":"https:\/\/stereobuenafe.com\/index.php?rest_route=%2Fwp%2Fv2%2Fcomments&post=23"}],"version-history":[{"count":4,"href":"https:\/\/stereobuenafe.com\/index.php?rest_route=\/wp\/v2\/pages\/23\/revisions"}],"predecessor-version":[{"id":94,"href":"https:\/\/stereobuenafe.com\/index.php?rest_route=\/wp\/v2\/pages\/23\/revisions\/94"}],"wp:attachment":[{"href":"https:\/\/stereobuenafe.com\/index.php?rest_route=%2Fwp%2Fv2%2Fmedia&parent=23"}],"curies":[{"name":"wp","href":"https:\/\/api.w.org\/{rel}","templated":true}]}}