{"id":20,"date":"2018-02-01T01:49:00","date_gmt":"2018-02-01T01:49:00","guid":{"rendered":"http:\/\/stereobuenafe.com\/?page_id=20"},"modified":"2024-03-22T17:15:22","modified_gmt":"2024-03-22T17:15:22","slug":"inicio","status":"publish","type":"page","link":"https:\/\/stereobuenafe.com\/?page_id=20","title":{"rendered":"Inicio"},"content":{"rendered":"<p style=\"text-align: center;\"><img loading=\"lazy\" decoding=\"async\" class=\"alignnone size-medium wp-image-14\" src=\"http:\/\/stereobuenafe.com\/wp-content\/uploads\/2018\/10\/parque-300x225.jpg\" alt=\"\" width=\"300\" height=\"225\" srcset=\"https:\/\/stereobuenafe.com\/wp-content\/uploads\/2018\/10\/parque-300x225.jpg 300w, https:\/\/stereobuenafe.com\/wp-content\/uploads\/2018\/10\/parque-768x576.jpg 768w, https:\/\/stereobuenafe.com\/wp-content\/uploads\/2018\/10\/parque-1024x768.jpg 1024w, https:\/\/stereobuenafe.com\/wp-content\/uploads\/2018\/10\/parque.jpg 1600w\" sizes=\"(max-width: 300px) 100vw, 300px\" \/><\/p>\n<p style=\"text-align: center;\"><strong>Transmitimos desde Buena F\u00e9, Provincia de los R\u00edos<\/strong><\/p>\n<p>Stereo Buena Fe 97.5 FM, la radio genial emite su programaci\u00f3n las 24 horas del d\u00eda desde la ciudad de Buena Fe, provincia de Los R\u00edos, en los sectores urbanos y rurales nos constituimos en la se\u00f1al preferida de nuestra audiencia.<\/p>\n<p>Nuestra programaci\u00f3n abarca desde programas para el agricultor, pasando por los noticieros, hasta llegar a nuestra propuesta musical que se alimenta constantemente de las preferencias de nuestros oyentes<\/p>\n","protected":false},"excerpt":{"rendered":"<p>Transmitimos desde Buena F\u00e9, Provincia de los R\u00edos Stereo Buena Fe 97.5 FM, la radio genial emite su programaci\u00f3n las 24 horas del d\u00eda desde la ciudad de Buena Fe, provincia de Los R\u00edos, en los sectores urbanos y rurales nos constituimos en la se\u00f1al preferida de nuestra audiencia. Nuestra programaci\u00f3n abarca desde programas para [&hellip;]<\/p>\n","protected":false},"author":1,"featured_media":0,"parent":0,"menu_order":0,"comment_status":"closed","ping_status":"closed","template":"","meta":{"footnotes":""},"_links":{"self":[{"href":"https:\/\/stereobuenafe.com\/index.php?rest_route=\/wp\/v2\/pages\/20"}],"collection":[{"href":"https:\/\/stereobuenafe.com\/index.php?rest_route=\/wp\/v2\/pages"}],"about":[{"href":"https:\/\/stereobuenafe.com\/index.php?rest_route=\/wp\/v2\/types\/page"}],"author":[{"embeddable":true,"href":"https:\/\/stereobuenafe.com\/index.php?rest_route=\/wp\/v2\/users\/1"}],"replies":[{"embeddable":true,"href":"https:\/\/stereobuenafe.com\/index.php?rest_route=%2Fwp%2Fv2%2Fcomments&post=20"}],"version-history":[{"count":2,"href":"https:\/\/stereobuenafe.com\/index.php?rest_route=\/wp\/v2\/pages\/20\/revisions"}],"predecessor-version":[{"id":103,"href":"https:\/\/stereobuenafe.com\/index.php?rest_route=\/wp\/v2\/pages\/20\/revisions\/103"}],"wp:attachment":[{"href":"https:\/\/stereobuenafe.com\/index.php?rest_route=%2Fwp%2Fv2%2Fmedia&parent=20"}],"curies":[{"name":"wp","href":"https:\/\/api.w.org\/{rel}","templated":true}]}}